{"id":14,"date":"2024-12-14T19:38:08","date_gmt":"2024-12-14T19:38:08","guid":{"rendered":"https:\/\/thcparis.com\/?page_id=14"},"modified":"2024-12-14T19:44:42","modified_gmt":"2024-12-14T19:44:42","slug":"metatags2","status":"publish","type":"page","link":"https:\/\/thcparis.com\/index.php\/metatags2\/","title":{"rendered":"metatags2"},"content":{"rendered":"<p>16e arrondissement, 7e arrondissement, 8e arrondissement, 1er arrondissement, 6e arrondissement, 4e arrondissement, 2e arrondissement, 3e arrondissement, 18e arrondissement, 9e arrondissement, 10e arrondissement, 11e arrondissement, 12e arrondissement, 13e arrondissement, 14e arrondissement, 15e arrondissement, 17e arrondissement, 5e arrondissement, 20e arrondissement, Passy, Trocad\u00e9ro, Champs-\u00c9lys\u00e9es, Faubourg Saint-Honor\u00e9, Avenue Montaigne, Bois de Boulogne, Montmartre, Place Vend\u00f4me, Saint-Germain-des-Pr\u00e9s, Le Marais, Quartier Latin, Ile de la Cit\u00e9, Les Halles, Place de la Concorde, Arc de Triomphe, La D\u00e9fense, Le Ritz, H\u00f4tel de Ville, Bastille, Palais Royal, Rue Saint-Honor\u00e9, Rue de Rivoli, Avenue des Champs-\u00c9lys\u00e9es, Le Louvre, Op\u00e9ra Garnier, Montparnasse, Quartier des Batignolles, Rue de la Paix, Rue du Faubourg Saint-Antoine, H\u00f4tel des Invalides, Avenue des Ternes, \u00c9toile, Arc de Triomphe, Madeleine, Op\u00e9ra, Palais des Congr\u00e8s, La Madeleine, Neuilly-sur-Seine, Saint-Cloud, Le Bois de Boulogne, Rue du Faubourg Saint-Honor\u00e9, Avenue Foch, Avenue Georges V, Place du Trocad\u00e9ro, Parc Monceau, Le Marais historique, Canal Saint-Martin, Place des Vosges, Le Quartier Latin historique, Place de la Bastille, Le Parc des Buttes-Chaumont, Le 16e arrondissement chic, Le 7e arrondissement prestigieux, Faubourg Saint-Germain, Le 8e arrondissement \u00e9l\u00e9gant, Le 1er arrondissement touristique, Montmartre boh\u00e8me, Le 4e arrondissement historique, Le 3e arrondissement artistique, Faubourg Saint-Antoine, Rue des Martyrs, Le Sentier, Beaux-Arts, Le Faubourg Saint-Denis, Le Faubourg Poissonni\u00e8re, Le 17e arrondissement r\u00e9sidentiel, Le 10e arrondissement branch\u00e9, Le 11e arrondissement dynamique, Le 12e arrondissement r\u00e9sidentiel, Le 14e arrondissement calme, Le 15e arrondissement familial, Le 13e arrondissement moderne, Le 18e arrondissement populaire, Le 9e arrondissement commer\u00e7ant, Le 20e arrondissement anim\u00e9, La Villette, Les Grands Boulevards, Les Champs-\u00c9lys\u00e9es, Le Quartier Montorgueil, La Rue de la Paix, La Rue du Faubourg Saint-Antoine, Place de la R\u00e9publique, La Place de la Concorde, Avenue Montaigne de luxe, Boulevard Haussmann, Boulevard Saint-Germain, Rue de la Bourse, Le Marais chic, Le Marais branch\u00e9, Le Quartier de l\u2019Op\u00e9ra, Le quartier de la Madeleine, La place Vend\u00f4me de luxe, Les Galeries Lafayette, Le Palais Royal historique, L\u2019avenue des Champs-\u00c9lys\u00e9es commer\u00e7ante, L\u2019avenue George V, Le 17e arrondissement chic, Le quartier de La D\u00e9fense, Le quartier de l\u2019Op\u00e9ra, Le quartier d\u2019affaires de Paris, Rue du Faubourg Saint-Honor\u00e9 de mode, Le quartier du Faubourg Saint-Antoine, La rue de Rivoli commer\u00e7ante, Le quartier des Halles, Le quartier des Batignolles familial, Les quais de la Seine, Le quartier de Saint-Germain, Le Marais historique, Le quartier de Montmartre artistique, Le quartier de la Bastille, Le quartier du Panth\u00e9on historique, Le quartier de la Sorbonne, Le quartier du Luxembourg, Le quartier de Saint-Michel, Le quartier des Abbesses, Le quartier de la rue des Martyrs, Le quartier des Gobelins, Le quartier de la Place de la Nation, Le quartier des Gobelins, Le quartier de la Place de la R\u00e9publique, Le quartier de la Place des Vosges, Le quartier de la rue du Faubourg Saint-Denis, Le quartier de la rue du Faubourg Poissonni\u00e8re, Le quartier de la Rue des Martyrs commer\u00e7ant, Le quartier de la rue Saint-Honor\u00e9 de luxe, Le quartier de la rue des Francs-Bourgeois, Le quartier du Marais populaire, Le quartier du Canal Saint-Martin branch\u00e9, Le quartier de la place de la Bastille, Le quartier de la place de la R\u00e9publique, Le quartier de la rue du Faubourg Saint-Antoine historique, Le quartier des Champs-\u00c9lys\u00e9es commercial, Le quartier du Louvre touristique, Le quartier de l\u2019h\u00f4tel de ville, Le quartier de la Place Vend\u00f4me de luxe, Le quartier de Montparnasse \u00e9tudiant, Le quartier des Grands Boulevards commer\u00e7ant, Le quartier de la Place de la Concorde, Le quartier du Faubourg Saint-Antoine historique, Le quartier de l\u2019Op\u00e9ra commer\u00e7ant, Le quartier du Trocad\u00e9ro, Le quartier de la Madeleine, Le quartier de la Porte Maillot, Le quartier des Invalides, Le quartier des Ternes, Le quartier des Champs-\u00c9lys\u00e9es haut de gamme, Le quartier de Montparnasse culturel, Le quartier des Halles dynamique, Le quartier de Saint-Germain-des-Pr\u00e9s chic, Le quartier de l\u2019Op\u00e9ra culturel, Le quartier du 16e arrondissement r\u00e9sidentiel, Le quartier des Batignolles r\u00e9sidentiel, Le quartier de la D\u00e9fense d\u2019affaires, Le quartier du Faubourg Saint-Germain historique, Le quartier du Panth\u00e9on universitaire, Le quartier des Grands Boulevards historique, Le quartier de la place des Vosges prestigieux, Le quartier de la rue des Francs-Bourgeois, Le quartier des Champs-\u00c9lys\u00e9es commer\u00e7ant, Le quartier de la rue du Faubourg Saint-Honor\u00e9 commercial, Le quartier du 7e arrondissement, Le quartier du 6e arrondissement r\u00e9sidentiel, Le quartier de Montmartre historique, Le quartier des Grands Boulevards commer\u00e7ant, Le quartier de la place Vend\u00f4me commer\u00e7ant, Le quartier de la rue du Faubourg Saint-Antoine historique, Le quartier de la Madeleine commer\u00e7ant, Le quartier de la rue Saint-Honor\u00e9 commer\u00e7ant, Le quartier des Ternes commer\u00e7ant, Le quartier de l\u2019h\u00f4tel de ville commer\u00e7ant.<\/p>\n<div class='smartthreema_box'><img src='https:\/\/thcparis.com\/wp-content\/plugins\/smart-threema\/images\/floating-button-threema-klein.png' class='smartthreema_img'><a href='https:\/\/three.ma\/JHXT6HHA' target='_blank' class='smartthreema_link'>Please Download Threema App<\/a><br><div class='smartthreema_minimsg'>to your Mobile Device and click again<\/div><\/div>","protected":false},"excerpt":{"rendered":"<p>16e arrondissement, 7e arrondissement, 8e arrondissement, 1er arrondissement, 6e arrondissement, 4e arrondissement, 2e arrondissement, 3e arrondissement, 18e arrondissement, 9e arrondissement, 10e arrondissement, 11e arrondissement, 12e arrondissement, 13e arrondissement, 14e arrondissement, 15e arrondissement, 17e arrondissement, 5e arrondissement, 20e arrondissement, Passy, Trocad\u00e9ro, Champs-\u00c9lys\u00e9es, Faubourg Saint-Honor\u00e9, Avenue Montaigne, Bois de Boulogne, Montmartre, Place Vend\u00f4me, Saint-Germain-des-Pr\u00e9s, Le Marais, Quartier [&hellip;]<\/p>\n","protected":false},"author":1,"featured_media":0,"parent":0,"menu_order":0,"comment_status":"closed","ping_status":"closed","template":"","meta":{"footnotes":""},"class_list":["post-14","page","type-page","status-publish","hentry"],"yoast_head":"<!-- This site is optimized with the Yoast SEO plugin v27.4 - https:\/\/yoast.com\/product\/yoast-seo-wordpress\/ -->\n<title>metatags2 - Acheter Cannabis Paris - Livraison Cannabis - 420 france - Principal Whatsapp+34677084290 SIGNAL - yeffy (no english support) - Secundario AttCliente Whatsapp-Telegram +34664537342&nbsp;@cmmleomadrid.65 &ndash; CMM SIGNAL @cmmleomadrid.65 &ndash; Leo (English support) - panterarosa1772@gmail.com - Threema: JHXT6HHA<\/title>\n<meta name=\"robots\" content=\"index, follow, max-snippet:-1, max-image-preview:large, max-video-preview:-1\" \/>\n<link rel=\"canonical\" href=\"https:\/\/thcparis.com\/index.php\/metatags2\/\" \/>\n<meta property=\"og:locale\" content=\"fr_FR\" \/>\n<meta property=\"og:type\" content=\"article\" \/>\n<meta property=\"og:title\" content=\"metatags2 - Acheter Cannabis Paris - Livraison Cannabis - 420 france - Principal Whatsapp+34677084290 SIGNAL - yeffy (no english support) - Secundario AttCliente Whatsapp-Telegram +34664537342&nbsp;@cmmleomadrid.65 &ndash; CMM SIGNAL @cmmleomadrid.65 &ndash; Leo (English support) - panterarosa1772@gmail.com - Threema: JHXT6HHA\" \/>\n<meta property=\"og:description\" content=\"16e arrondissement, 7e arrondissement, 8e arrondissement, 1er arrondissement, 6e arrondissement, 4e arrondissement, 2e arrondissement, 3e arrondissement, 18e arrondissement, 9e arrondissement, 10e arrondissement, 11e arrondissement, 12e arrondissement, 13e arrondissement, 14e arrondissement, 15e arrondissement, 17e arrondissement, 5e arrondissement, 20e arrondissement, Passy, Trocad\u00e9ro, Champs-\u00c9lys\u00e9es, Faubourg Saint-Honor\u00e9, Avenue Montaigne, Bois de Boulogne, Montmartre, Place Vend\u00f4me, Saint-Germain-des-Pr\u00e9s, Le Marais, Quartier [&hellip;]\" \/>\n<meta property=\"og:url\" content=\"https:\/\/thcparis.com\/index.php\/metatags2\/\" \/>\n<meta property=\"og:site_name\" content=\"Acheter Cannabis Paris - Livraison Cannabis - 420 france - Principal Whatsapp+34677084290 SIGNAL - yeffy (no english support) - Secundario AttCliente Whatsapp-Telegram +34664537342&nbsp;@cmmleomadrid.65 &ndash; CMM SIGNAL @cmmleomadrid.65 &ndash; Leo (English support) - panterarosa1772@gmail.com - Threema: JHXT6HHA\" \/>\n<meta property=\"article:modified_time\" content=\"2024-12-14T19:44:42+00:00\" \/>\n<meta name=\"twitter:card\" content=\"summary_large_image\" \/>\n<meta name=\"twitter:label1\" content=\"Dur\u00e9e de lecture estim\u00e9e\" \/>\n\t<meta name=\"twitter:data1\" content=\"4 minutes\" \/>\n<script type=\"application\/ld+json\" class=\"yoast-schema-graph\">{\"@context\":\"https:\\\/\\\/schema.org\",\"@graph\":[{\"@type\":\"WebPage\",\"@id\":\"https:\\\/\\\/thcparis.com\\\/index.php\\\/metatags2\\\/\",\"url\":\"https:\\\/\\\/thcparis.com\\\/index.php\\\/metatags2\\\/\",\"name\":\"metatags2 - Acheter Cannabis Paris - Livraison Cannabis - 420 france - Principal Whatsapp+34677084290 SIGNAL - yeffy (no english support) - Secundario AttCliente Whatsapp-Telegram +34664537342&nbsp;@cmmleomadrid.65 &ndash; CMM SIGNAL @cmmleomadrid.65 &ndash; Leo (English support) - panterarosa1772@gmail.com - Threema: JHXT6HHA\",\"isPartOf\":{\"@id\":\"https:\\\/\\\/thcparis.com\\\/#website\"},\"datePublished\":\"2024-12-14T19:38:08+00:00\",\"dateModified\":\"2024-12-14T19:44:42+00:00\",\"breadcrumb\":{\"@id\":\"https:\\\/\\\/thcparis.com\\\/index.php\\\/metatags2\\\/#breadcrumb\"},\"inLanguage\":\"fr-FR\",\"potentialAction\":[{\"@type\":\"ReadAction\",\"target\":[\"https:\\\/\\\/thcparis.com\\\/index.php\\\/metatags2\\\/\"]}]},{\"@type\":\"BreadcrumbList\",\"@id\":\"https:\\\/\\\/thcparis.com\\\/index.php\\\/metatags2\\\/#breadcrumb\",\"itemListElement\":[{\"@type\":\"ListItem\",\"position\":1,\"name\":\"Accueil\",\"item\":\"https:\\\/\\\/thcparis.com\\\/\"},{\"@type\":\"ListItem\",\"position\":2,\"name\":\"metatags2\"}]},{\"@type\":\"WebSite\",\"@id\":\"https:\\\/\\\/thcparis.com\\\/#website\",\"url\":\"https:\\\/\\\/thcparis.com\\\/\",\"name\":\"Acheter Cannabis Paris - Livraison Cannabis - 420 france - Principal Whatsapp+34677084290 SIGNAL - yeffy (no english support) - Secundario AttCliente Whatsapp +34603657496 SIGNAL - Leo (English support) - panterarosa1772@gmail.com\",\"description\":\"fumer du cannabis, Paris, quartiers de Paris, marijuana, herbe, cannabis, THC, CBD, joints, vaporisateur, fumer en public, consommation de cannabis, l\u00e9gislation du cannabis, consommation responsable, fumer \u00e0 Paris, cannabis r\u00e9cr\u00e9atif, cannabis th\u00e9rapeutique, fum\u00e9e de cannabis, culture urbaine, Paris 1er, Paris 2e, Paris 3e, Paris 4e, Paris 5e, Paris 6e, Paris 7e, Paris 8e, Paris 9e, Paris 10e, Paris 11e, Paris 12e, Paris 13e, Paris 14e, Paris 15e, Paris 16e, Paris 17e, Paris 18e, Paris 19e, Paris 20e, Montmartre, Le Marais, Saint-Germain-des-Pr\u00e9s, Belleville, Canal Saint-Martin, Le Quartier Latin, Pigalle, Champs-\u00c9lys\u00e9es, Bastille, R\u00e9publique, Place de la Concorde, Trocad\u00e9ro, Luxembourg, Les Halles, Gare du Nord, Gare de Lyon, La D\u00e9fense, Montparnasse, Le Panth\u00e9on, Jardin des Plantes, Parc des Buttes-Chaumont, Paris intra-muros, banlieue parisienne, culture du cannabis \u00e0 Paris, r\u00e9glementation du cannabis \u00e0 Paris, consommation en dehors de chez soi, interdiction de fumer, fumer dans la rue, l\u00e9gislation sur le cannabis en France, contr\u00f4le de police, amende pour cannabis, consommation \u00e0 domicile, consommation priv\u00e9e, fumer \u00e0 domicile,\",\"publisher\":{\"@id\":\"https:\\\/\\\/thcparis.com\\\/#organization\"},\"potentialAction\":[{\"@type\":\"SearchAction\",\"target\":{\"@type\":\"EntryPoint\",\"urlTemplate\":\"https:\\\/\\\/thcparis.com\\\/?s={search_term_string}\"},\"query-input\":{\"@type\":\"PropertyValueSpecification\",\"valueRequired\":true,\"valueName\":\"search_term_string\"}}],\"inLanguage\":\"fr-FR\"},{\"@type\":\"Organization\",\"@id\":\"https:\\\/\\\/thcparis.com\\\/#organization\",\"name\":\"Acheter Cannabis Paris - Livraison Cannabis - 420 france - Principal Whatsapp+34677084290 SIGNAL - yeffy (no english support) - Secundario AttCliente Whatsapp +34603657496 SIGNAL - Leo (English support) - panterarosa1772@gmail.com\",\"url\":\"https:\\\/\\\/thcparis.com\\\/\",\"logo\":{\"@type\":\"ImageObject\",\"inLanguage\":\"fr-FR\",\"@id\":\"https:\\\/\\\/thcparis.com\\\/#\\\/schema\\\/logo\\\/image\\\/\",\"url\":\"https:\\\/\\\/thcparis.com\\\/wp-content\\\/uploads\\\/2024\\\/12\\\/cropped-images-2.jpg\",\"contentUrl\":\"https:\\\/\\\/thcparis.com\\\/wp-content\\\/uploads\\\/2024\\\/12\\\/cropped-images-2.jpg\",\"width\":512,\"height\":512,\"caption\":\"Acheter Cannabis Paris - Livraison Cannabis - 420 france - Principal Whatsapp+34677084290 SIGNAL - yeffy (no english support) - Secundario AttCliente Whatsapp +34603657496 SIGNAL - Leo (English support) - panterarosa1772@gmail.com\"},\"image\":{\"@id\":\"https:\\\/\\\/thcparis.com\\\/#\\\/schema\\\/logo\\\/image\\\/\"}}]}<\/script>\n<!-- \/ Yoast SEO plugin. -->","yoast_head_json":{"title":"metatags2 - Acheter Cannabis Paris - Livraison Cannabis - 420 france - Principal Whatsapp+34677084290 SIGNAL - yeffy (no english support) - Secundario AttCliente Whatsapp-Telegram +34664537342&nbsp;@cmmleomadrid.65 &ndash; CMM SIGNAL @cmmleomadrid.65 &ndash; Leo (English support) - panterarosa1772@gmail.com - Threema: JHXT6HHA","robots":{"index":"index","follow":"follow","max-snippet":"max-snippet:-1","max-image-preview":"max-image-preview:large","max-video-preview":"max-video-preview:-1"},"canonical":"https:\/\/thcparis.com\/index.php\/metatags2\/","og_locale":"fr_FR","og_type":"article","og_title":"metatags2 - Acheter Cannabis Paris - Livraison Cannabis - 420 france - Principal Whatsapp+34677084290 SIGNAL - yeffy (no english support) - Secundario AttCliente Whatsapp-Telegram +34664537342&nbsp;@cmmleomadrid.65 &ndash; CMM SIGNAL @cmmleomadrid.65 &ndash; Leo (English support) - panterarosa1772@gmail.com - Threema: JHXT6HHA","og_description":"16e arrondissement, 7e arrondissement, 8e arrondissement, 1er arrondissement, 6e arrondissement, 4e arrondissement, 2e arrondissement, 3e arrondissement, 18e arrondissement, 9e arrondissement, 10e arrondissement, 11e arrondissement, 12e arrondissement, 13e arrondissement, 14e arrondissement, 15e arrondissement, 17e arrondissement, 5e arrondissement, 20e arrondissement, Passy, Trocad\u00e9ro, Champs-\u00c9lys\u00e9es, Faubourg Saint-Honor\u00e9, Avenue Montaigne, Bois de Boulogne, Montmartre, Place Vend\u00f4me, Saint-Germain-des-Pr\u00e9s, Le Marais, Quartier [&hellip;]","og_url":"https:\/\/thcparis.com\/index.php\/metatags2\/","og_site_name":"Acheter Cannabis Paris - Livraison Cannabis - 420 france - Principal Whatsapp+34677084290 SIGNAL - yeffy (no english support) - Secundario AttCliente Whatsapp-Telegram +34664537342&nbsp;@cmmleomadrid.65 &ndash; CMM SIGNAL @cmmleomadrid.65 &ndash; Leo (English support) - panterarosa1772@gmail.com - Threema: JHXT6HHA","article_modified_time":"2024-12-14T19:44:42+00:00","twitter_card":"summary_large_image","twitter_misc":{"Dur\u00e9e de lecture estim\u00e9e":"4 minutes"},"schema":{"@context":"https:\/\/schema.org","@graph":[{"@type":"WebPage","@id":"https:\/\/thcparis.com\/index.php\/metatags2\/","url":"https:\/\/thcparis.com\/index.php\/metatags2\/","name":"metatags2 - Acheter Cannabis Paris - Livraison Cannabis - 420 france - Principal Whatsapp+34677084290 SIGNAL - yeffy (no english support) - Secundario AttCliente Whatsapp-Telegram +34664537342&nbsp;@cmmleomadrid.65 &ndash; CMM SIGNAL @cmmleomadrid.65 &ndash; Leo (English support) - panterarosa1772@gmail.com - Threema: JHXT6HHA","isPartOf":{"@id":"https:\/\/thcparis.com\/#website"},"datePublished":"2024-12-14T19:38:08+00:00","dateModified":"2024-12-14T19:44:42+00:00","breadcrumb":{"@id":"https:\/\/thcparis.com\/index.php\/metatags2\/#breadcrumb"},"inLanguage":"fr-FR","potentialAction":[{"@type":"ReadAction","target":["https:\/\/thcparis.com\/index.php\/metatags2\/"]}]},{"@type":"BreadcrumbList","@id":"https:\/\/thcparis.com\/index.php\/metatags2\/#breadcrumb","itemListElement":[{"@type":"ListItem","position":1,"name":"Accueil","item":"https:\/\/thcparis.com\/"},{"@type":"ListItem","position":2,"name":"metatags2"}]},{"@type":"WebSite","@id":"https:\/\/thcparis.com\/#website","url":"https:\/\/thcparis.com\/","name":"Acheter Cannabis Paris - Livraison Cannabis - 420 france - Principal Whatsapp+34677084290 SIGNAL - yeffy (no english support) - Secundario AttCliente Whatsapp +34603657496 SIGNAL - Leo (English support) - panterarosa1772@gmail.com","description":"fumer du cannabis, Paris, quartiers de Paris, marijuana, herbe, cannabis, THC, CBD, joints, vaporisateur, fumer en public, consommation de cannabis, l\u00e9gislation du cannabis, consommation responsable, fumer \u00e0 Paris, cannabis r\u00e9cr\u00e9atif, cannabis th\u00e9rapeutique, fum\u00e9e de cannabis, culture urbaine, Paris 1er, Paris 2e, Paris 3e, Paris 4e, Paris 5e, Paris 6e, Paris 7e, Paris 8e, Paris 9e, Paris 10e, Paris 11e, Paris 12e, Paris 13e, Paris 14e, Paris 15e, Paris 16e, Paris 17e, Paris 18e, Paris 19e, Paris 20e, Montmartre, Le Marais, Saint-Germain-des-Pr\u00e9s, Belleville, Canal Saint-Martin, Le Quartier Latin, Pigalle, Champs-\u00c9lys\u00e9es, Bastille, R\u00e9publique, Place de la Concorde, Trocad\u00e9ro, Luxembourg, Les Halles, Gare du Nord, Gare de Lyon, La D\u00e9fense, Montparnasse, Le Panth\u00e9on, Jardin des Plantes, Parc des Buttes-Chaumont, Paris intra-muros, banlieue parisienne, culture du cannabis \u00e0 Paris, r\u00e9glementation du cannabis \u00e0 Paris, consommation en dehors de chez soi, interdiction de fumer, fumer dans la rue, l\u00e9gislation sur le cannabis en France, contr\u00f4le de police, amende pour cannabis, consommation \u00e0 domicile, consommation priv\u00e9e, fumer \u00e0 domicile,","publisher":{"@id":"https:\/\/thcparis.com\/#organization"},"potentialAction":[{"@type":"SearchAction","target":{"@type":"EntryPoint","urlTemplate":"https:\/\/thcparis.com\/?s={search_term_string}"},"query-input":{"@type":"PropertyValueSpecification","valueRequired":true,"valueName":"search_term_string"}}],"inLanguage":"fr-FR"},{"@type":"Organization","@id":"https:\/\/thcparis.com\/#organization","name":"Acheter Cannabis Paris - Livraison Cannabis - 420 france - Principal Whatsapp+34677084290 SIGNAL - yeffy (no english support) - Secundario AttCliente Whatsapp +34603657496 SIGNAL - Leo (English support) - panterarosa1772@gmail.com","url":"https:\/\/thcparis.com\/","logo":{"@type":"ImageObject","inLanguage":"fr-FR","@id":"https:\/\/thcparis.com\/#\/schema\/logo\/image\/","url":"https:\/\/thcparis.com\/wp-content\/uploads\/2024\/12\/cropped-images-2.jpg","contentUrl":"https:\/\/thcparis.com\/wp-content\/uploads\/2024\/12\/cropped-images-2.jpg","width":512,"height":512,"caption":"Acheter Cannabis Paris - Livraison Cannabis - 420 france - Principal Whatsapp+34677084290 SIGNAL - yeffy (no english support) - Secundario AttCliente Whatsapp +34603657496 SIGNAL - Leo (English support) - panterarosa1772@gmail.com"},"image":{"@id":"https:\/\/thcparis.com\/#\/schema\/logo\/image\/"}}]}},"_links":{"self":[{"href":"https:\/\/thcparis.com\/index.php\/wp-json\/wp\/v2\/pages\/14","targetHints":{"allow":["GET"]}}],"collection":[{"href":"https:\/\/thcparis.com\/index.php\/wp-json\/wp\/v2\/pages"}],"about":[{"href":"https:\/\/thcparis.com\/index.php\/wp-json\/wp\/v2\/types\/page"}],"author":[{"embeddable":true,"href":"https:\/\/thcparis.com\/index.php\/wp-json\/wp\/v2\/users\/1"}],"replies":[{"embeddable":true,"href":"https:\/\/thcparis.com\/index.php\/wp-json\/wp\/v2\/comments?post=14"}],"version-history":[{"count":0,"href":"https:\/\/thcparis.com\/index.php\/wp-json\/wp\/v2\/pages\/14\/revisions"}],"wp:attachment":[{"href":"https:\/\/thcparis.com\/index.php\/wp-json\/wp\/v2\/media?parent=14"}],"curies":[{"name":"wp","href":"https:\/\/api.w.org\/{rel}","templated":true}]}}